{"version":"1.0","provider_name":"NEM HARAP A SPEN\u00f3T","provider_url":"https:\/\/nemharapaspenot.cafeblog.hu","author_name":"nemharapaspenot","author_url":"https:\/\/nemharapaspenot.cafeblog.hu\/author\/nemharapaspenot\/","title":"Kar\u00e1csonyi meglepet\u00e9s a p\u00e1rizsi metr\u00f3n","html":"P\u00e9ntek hajnalban egy csapat fiatal m\u0171v\u00e9sz fel\u00fclt a p\u00e1rizsi metr\u00f3 8-as vonal\u00e1ra \u00e9s becsomagolta az egyik vagon utaster\u00e9nek egy r\u00e9sz\u00e9t r\u00f3zsasz\u00edn, kar\u00e1csonyi mint\u00e1s csomagol\u00f3pap\u00edrral.\r\n\r\n<a href=\"https:\/\/nemharapaspenot.cafeblog.hu\/files\/2013\/12\/metro.jpg\"><img class=\"alignnone size-medium wp-image-588 aligncenter\" alt=\"metro\" src=\"https:\/\/nemharapaspenot.cafeblog.hu\/files\/2013\/12\/metro-300x200.jpg\" width=\"300\" height=\"200\" \/><\/a>\r\n\r\nAz RATP (p\u00e1rizsi metr\u00f3t\u00e1rsas\u00e1g) \u00fagy t\u0171nik nem \u00f6r\u00fclt a megmozdul\u00e1snak, ugyanis kivonta a forgalomb\u00f3l a vagont, miut\u00e1n \u00e9szrevette a csib\u00e9szs\u00e9get.\r\n\r\nAz RATP els\u0151 k\u00f6rben \u00fagy nyilatkozott, hogy nem tudj\u00e1k ki dekor\u00e1lta ki a metr\u00f3kocsit, nyilv\u00e1n b\u00e1rki lehetett, de az biztos, hogy nem saj\u00e1t dolgoz\u00f3juk volt.\r\n\r\nEl\u0151sz\u00f6r csak egy fot\u00f3t posztoltak a fiatalok a Twitteren, k\u00e9s\u0151bb \u00a0kieg\u00e9sz\u00edtett\u00e9k t\u00f6bbel is a Facebookon, s\u0151t megkoron\u00e1zt\u00e1k egy vide\u00f3val is, felv\u00e1llalva \u00f6nmagukat.\u00a0Term\u00e9szetesen ezzel kider\u00fclt, hogy a <em>Sisaprod<\/em> nev\u0171\u00a0fiatal m\u0171v\u00e9szcsapat alkot\u00e1s\u00e1r\u00f3l van sz\u00f3, akik \"performanszt\" hoztak l\u00e9tre, hogy mosolyt csalogassanak a hajnalban munk\u00e1ba igyekv\u0151k arc\u00e1ra.\r\n\r\n<a href=\"https:\/\/nemharapaspenot.cafeblog.hu\/files\/2013\/12\/metro3.jpg\"><img class=\"alignnone size-medium wp-image-589 aligncenter\" alt=\"metro3\" src=\"https:\/\/nemharapaspenot.cafeblog.hu\/files\/2013\/12\/metro3-300x200.jpg\" width=\"300\" height=\"200\" \/><\/a>\r\n\r\nAz eg\u00e9sz akci\u00f3 nem tartott tov\u00e1bb 35 percn\u00e9l \u00e9s a munka k\u00f6zben t\u00f6bben val\u00f3ban mosolyogtak \u00e9s vag\u00e1nynak tal\u00e1lt\u00e1k az \u00f6tletet, mes\u00e9lt\u00e9k a fiatalok. R\u00e1ad\u00e1sul tov\u00e1bbi h\u00edrnevet is szereztek, hiszen beker\u00fcltek t\u00f6bb napilapba \u00e9s a t\u00e9v\u00e9h\u00edrad\u00f3ba is.\r\n\r\nEl tudom k\u00e9pzelni, ahogy az Opera \u00e9s Concorde t\u00e9r k\u00f6z\u00f6tt az \u00e1lmos emberek feneke alatt z\u00f6rg\u00f6tt a pap\u00edr.\r\n\r\n&nbsp;\r\n\r\nFot\u00f3:\u00a0<a href=\"https:\/\/www.facebook.com\/Sisaprod\">https:\/\/www.facebook.com\/Sisaprod<\/a>","type":"rich","thumbnail_url":"https:\/\/nemharapaspenot.cafeblog.hu\/files\/2013\/12\/metro-150x150.jpg","thumbnail_width":150,"thumbnail_height":150}

NEM HARAP A SPENóT

Karácsonyi meglepetés a párizsi metrón

Péntek hajnalban egy csapat fiatal művész felült a párizsi metró 8-as vonalára és becsomagolta az egyik vagon utasterének egy részét rózsaszín, karácsonyi mintás csomagolópapírral.

<a href="https://nemharapaspenot.cafeblog.hu/files/2013/12/metro.jpg"><img class="alignnone size-medium wp-image-588 aligncenter" alt="metro" src="https://nemharapaspenot.cafeblog.hu/files/2013/12/metro-300x200.jpg" width="300" height="200" /></a>

Az RATP (párizsi metrótársaság) úgy tűnik nem örült a megmozdulásnak, ugyanis kivonta a forgalomból a vagont, miután észrevette a csibészséget.

Az RATP első körben úgy nyilatkozott, hogy nem tudják ki dekorálta ki a metrókocsit, nyilván bárki lehetett, de az biztos, hogy nem saját dolgozójuk volt.

Először csak egy fotót posztoltak a fiatalok a Twitteren, később  kiegészítették többel is a Facebookon, sőt megkoronázták egy videóval is, felvállalva önmagukat. Természetesen ezzel kiderült, hogy a <em>Sisaprod</em> nevű fiatal művészcsapat alkotásáról van szó, akik "performanszt" hoztak létre, hogy mosolyt csalogassanak a hajnalban munkába igyekvők arcára.

<a href="https://nemharapaspenot.cafeblog.hu/files/2013/12/metro3.jpg"><img class="alignnone size-medium wp-image-589 aligncenter" alt="metro3" src="https://nemharapaspenot.cafeblog.hu/files/2013/12/metro3-300x200.jpg" width="300" height="200" /></a>

Az egész akció nem tartott tovább 35 percnél és a munka közben többen valóban mosolyogtak és vagánynak találták az ötletet, mesélték a fiatalok. Ráadásul további hírnevet is szereztek, hiszen bekerültek több napilapba és a tévéhíradóba is.

El tudom képzelni, ahogy az Opera és Concorde tér között az álmos emberek feneke alatt zörgött a papír.

&nbsp;

Fotó: <a href="https://www.facebook.com/Sisaprod">https://www.facebook.com/Sisaprod</a>
